 Suppose -4*h = -a + 21 + 2, j*a + 3*h = 46. What is the units digit of a?
1
Suppose -4*q + 10 = -2*q. Let s(c) = -c**2 + 6*c + 3. What is the units digit of s(q)?
8
Let b(y) = -2*y**3 + y**2 + 2*y + 1. Let w be (-6)/(-36) - 14/12. Let v be b(w). Suppose -v*n = 0, -c = -3*c - 4*n + 44. What is the tens digit of c?
2
Suppose 2*n - 21 - 7 = 0. Suppose -c - n = -2*c. What is the units digit of c?
4
Suppose 2 - 17 = -3*q. Suppose q*y - 2*y - 21 = -2*o, -3*o + 36 = 3*y. What is the units digit of o?
5
Suppose -5*n + 29 = 9. Let x(l) = 2*l - 3. Let y be x(n). Suppose q - 2*q = -y, -3*a + 3*q = 12. What is the units digit of a?
1
Let b = 5 + -10. Let d = 9 + b. What is the units digit of d?
4
Suppose -4*s - 1 + 5 = 0. Let b = -2 + s. What is the tens digit of 12 - b/1*-1?
1
Let k be (-2)/10 + 63/15. Suppose k*g - 8 = -4*n, -g - 1 = g + n. Let f = g + 4. What is the units digit of f?
1
Suppose 4*l - 2*l = 2. What is the units digit of l/(-2) - (-46)/4?
1
Suppose -3*h + 4 + 5 = 0. Suppose c = 3*f + 9, h*c + 3 = f + 22. What is the units digit of c?
6
Suppose 5*n - 2*n = 1296. What is the tens digit of n?
3
Suppose 0 = 5*m - 2*l, -4*l - 21 = -2*m + l. Let o be (m/6)/((-3)/27). Suppose -x - 12 = -q, -x = -5*q - o*x + 60. What is the units digit of q?
2
Let u be (-1*0/(-3))/2. Let n = u - 6. Let j = n - -9. What is the units digit of j?
3
Suppose 2*b = -5*v + 84, -2*v + 87 = 2*v - 5*b. What is the tens digit of v?
1
Let r = -35 + 161. What is the tens digit of r?
2
Let d(i) = -3*i - 1 + 2*i + 6. Let w be d(0). Suppose w*s + 34 = 9, 0 = -4*f - 2*s - 2. What is the units digit of f?
2
Let t(d) = -d**2 + 5. Let k be 2/(-9) + (-12)/(-54). Let a be t(k). Suppose -2*s = -33 + a. What is the units digit of s?
4
Let n(z) = z**3 - 2 - 32*z - 11*z**2 - 1 + 35*z. What is the tens digit of n(11)?
3
Let f(j) = j**3 - 9*j**2 + 11. What is the units digit of f(9)?
1
Let g = -18 + 29. Let u = -5 + g. What is the units digit of u?
6
What is the units digit of ((-8)/(-16))/(1/130)?
5
Suppose -4*d + 15 = 4*x - d, -4*d + 4 = 0. What is the units digit of x?
3
Let b(w) = 2*w**2 - 12*w + 2. What is the tens digit of b(7)?
1
Let c = 22 + -16. What is the units digit of 33/c*1*2?
1
Let k(a) = -26*a + 2. What is the hundreds digit of k(-4)?
1
Let l = 4 - 12. Let s = l + 13. What is the units digit of s?
5
Suppose 4*f - 20 = -4*y, y - 4 = 3*f - 19. Suppose 2*b - 3*a + 11 = y, 10*b - 5*b = 3*a - 5. What is the units digit of b?
2
Let w be (6/(-15))/(1/(-20)). Let n(c) = c. What is the units digit of n(w)?
8
Suppose -4*o + 190 + 154 = 0. What is the units digit of o?
6
Let f = -202 + 299. What is the tens digit of f?
9
Let f(i) = -i**2 + 4*i - 2. Let t be f(4). What is the units digit of t - -6 - (-55)/1?
9
Suppose 5*k = 2*k + 9. Suppose -3*l - k*l = -54. What is the units digit of l?
9
Let g(x) = -x**3 - 11*x**2 - 20*x + 3. What is the units digit of g(-10)?
3
Let i(p) = 4*p**2 - p - 3. Let o be i(3). Suppose -3*b = -3 - o. What is the units digit of b?
1
Let c(n) = -n. Let g be c(-2). Let p = g - 4. What is the units digit of (-1 - p)/(7/42)?
6
Let u(a) = -a + 3. Let i be u(-7). Suppose 5*h - 3*r = -31, -4*r + 20 = -5*h - 13. Let o = h + i. What is the units digit of o?
5
Let m = 69 - 41. What is the units digit of m?
8
What is the tens digit of 2/4 - (-61)/2?
3
What is the units digit of ((-2)/4)/(-1)*22?
1
Let h = 1 + 1. Let j be (3*-2)/3 + h. What is the units digit of 9 - (j + -2 + 2)?
9
Let p(u) = -u + 5. Let w be p(-7). What is the units digit of (-2 - 0) + w + -1?
9
Let f(i) = -i**3 + 3*i**2 + 3*i - 2. Let n be f(3). Suppose n*d - 56 = 5*d. What is the tens digit of d?
2
Let h = -10 - -12. Suppose -h*n = -5*n + 15. Suppose -2*l - n = -13. What is the units digit of l?
4
Let p(v) = v**3 + 8*v**2 - 12*v - 15. What is the units digit of p(-9)?
2
Suppose 4*l = 3*v + 28, 3*l + 3*v - 10 = 11. Suppose -2*h = 2*q - l*h + 1, 3*q + 3*h = 51. What is the units digit of q?
2
Suppose 3*x - 4*x = -2. Suppose 2*t - 2*z + x = -0, 3*t = z + 7. What is the tens digit of ((-26)/t)/(3/(-6))?
1
Suppose 6*r - 3*r = 5*y + 92, y - 116 = -5*r. Let c = -16 + r. What is the units digit of c?
8
Suppose -2*k - 17 = 3*g - 114, 2*g + 2 = 0. Suppose -5*b = -k - 30. What is the tens digit of b?
1
Suppose 0 = 4*w - 4 - 8. Let k = w + -2. Suppose y - 4 + k = 0. What is the units digit of y?
3
Let y(p) = p - 1. Let v be y(3). Suppose 0 = 7*n - 0 - 0. Suppose 4*o + n*o - v = -f, 5*o - 7 = f. What is the units digit of o?
1
Suppose 76 = 5*t - t. What is the units digit of t?
9
What is the hundreds digit of -14 - -12 - -3*1 - -218?
2
Let n(l) = l - 1. Let z be n(7). Suppose v = z*v - 20. What is the units digit of v?
4
Suppose -511 - 59 = -15*q. What is the tens digit of q?
3
Let o(w) = w + 14. Let d be o(10). Let v = d - 14. What is the units digit of v?
0
What is the hundreds digit of (-22*(-10)/(-2))/(1 - 2)?
1
Let t(y) = -14*y + 1. What is the units digit of t(-8)?
3
Suppose 0 = -g + 11 - 4. What is the units digit of g?
7
What is the units digit of (-34 - 0)*(-15)/10?
1
Suppose -3*x + 3*t = 3, 3*x + 4 - 17 = -t. What is the units digit of x/(-6*4/(-64))?
8
Let z(t) be the second derivative of -t**5/20 + t**4/3 - t**3/6 + 3*t**2/2 + 3*t. Let j be z(4). Let c(a) = -11*a. What is the tens digit of c(j)?
1
Let j = 5 + -6. Let f be j/(-1)*(-5 + 2). What is the units digit of ((-6)/9*f)/2?
1
Let r = 2 + 2. Let l = 7 - r. Suppose -i - 1 + l = 0. What is the units digit of i?
2
Suppose 4*j = 8*j - 96. Suppose b = 5*b + j. What is the units digit of 2/b*-1*9?
3
Let k(f) = -f + 7. Let c(r) = -6*r**2. Let t be c(-1). What is the tens digit of k(t)?
1
Let v be 1*2/6*33. Let m be 2/v - 62/(-22). Suppose -n + 5*z + 3 = 0, -23 = -m*n + 2*z + 25. What is the units digit of n?
8
Let v(g) = 13*g - 4. Let p = 16 - 14. What is the units digit of v(p)?
2
What is the units digit of 5*(-4)/(-30)*486?
4
Let q(w) = -w**3 + 9*w**2 + 9. Let h be q(9). Let c = -4 + h. What is the units digit of c?
5
Let x(a) = 2*a - 19. Let w be x(6). Let u = w + 10. What is the units digit of u?
3
Let r(o) = o**2 - 6*o - 1. Suppose 2*d + 4*b - 32 = -2*d, 0 = -4*b. What is the tens digit of r(d)?
1
Let q(v) = 4*v**2 + 2*v - 1. Let m be q(1). Suppose m*i - 5*a = 5, 3*i + 3*a + 7 + 8 = 0. What is the units digit of 3/i*20/(-15)?
2
Suppose -3*n - 4*u = 1, 0 = -3*n + n - 2*u. Let f = n + 5. What is the units digit of f?
6
Let i(c) = c**3 + 15*c**2 + c + 17. Let o be i(-15). What is the tens digit of 13*(3/1 - o)?
1
Let v(f) be the second derivative of -f**4/12 + f**3 + f**2/2 - 2*f. What is the tens digit of v(3)?
1
Let g(x) = 2*x**2 - x**2 + 2 + 7*x - 2*x. Let k be g(-5). What is the units digit of ((-25)/(-10))/(k/4)?
5
Let h(i) = i**3 - 12*i**2 - 12*i + 5. Let l be 0/(5 - 2) + 1. Let z be 3/(-3)*(-13)/l. What is the tens digit of h(z)?
1
Let d = -101 - -181. What is the units digit of d?
0
Let t(z) = 2*z + 6. What is the tens digit of t(10)?
2
Let c(x) = 69*x**2 - 3*x + 1. What is the units digit of c(1)?
7
Let q = 20 + -10. What is the units digit of (3 - q)/(2/(-2))?
7
Let y = 182 - -122. What is the tens digit of y?
0
Let u(i) = -140*i - 1. What is the units digit of u(-2)?
9
Let w = 1 - 2. Let x be (-1)/(w/3) - 0. Suppose x*l + 4*u + 1 - 23 = 0, 0 = l - 2*u - 24. What is the units digit of l?
4
Let i(m) = m**2 + 2*m + 1. Suppose -2*t + 5 = r, 0 = -5*t - 3*r - 0*r + 12. Suppose 7 = -4*g - t*f, 3*g - 2*g - f - 7 = 0. What is the units digit of i(g)?
9
Let l(b) = -109*b**3 - 2*b**2 + 4*b + 5. What is the hundreds digit of l(-1)?
1
Let w(v) = v. Suppose 2*b + p - 2 = -2*b, 0 = -2*p - 4. Let y(j) = -1. Let k(r) = b*w(r) - y(r). What is the units digit of k(3)?
4
Let g(w) = 6*w + 20*w**2 - 4 - 21*w**2 + 1. Suppose -4*u = 2*b - 6*b + 28, b + u = -1. What is the units digit of g(b)?
6
Let d = -36 - -38. What is the units digit of d?
2
Suppose -4*n + 4*l - 54 = -6*n, -n = -4*l - 33. What is the units digit of n?
9
Suppose 5*o = -0*o + 20. Let g be 2 - o - 2*-4. Suppose -20 = v - g*v. What is the units digit of v?
4
Suppose -4*r = -r - 39. Let t = r + -5. What is the units digit of t?
8
Suppose 0 = -2*j + 134 - 0. What is the units digit of j?
7
Let g(k) = -k**3 - 3*k**2 + 4*k + 5. What is the units digit of g(-4)?
5
What is the units digit of ((-4)/(-6